) be the third derivative of f(t). What is the units digit of o(4)?
5
Let v = -10 - -70. What is the tens digit of v?
6
Suppose -l = 2*l + 27. What is the units digit of (6/l)/((-6)/207)?
3
Let j be (-3 - (-21)/6)*14. Let i = -2 + j. What is the units digit of i?
5
Let m(t) = t**2 - t**2 - 2*t**3 - 3*t**2. Suppose -2*h = -u - 4, 4*h - 2 = -u - 0*u. What is the units digit of m(u)?
4
Suppose -4*s + 472 = 4*p, -4*s + 189 = 5*p - 404. What is the units digit of p?
1
Suppose 4*b + 40 = -5*m + 105, -60 = -5*b - 2*m. What is the units digit of b?
0
Let f = 16 - 2. What is the tens digit of f?
1
Let l = -16 + 19. Suppose l*t + 8 - 62 = -3*z, -14 = -z + t. What is the units digit of z?
6
Suppose 7*u = 32 + 38. What is the units digit of u?
0
Suppose 16 = 4*k - 8. Suppose x - k*x + 105 = 0. What is the tens digit of x?
2
Suppose -h = 2*k - 6, -21 = -h - 5*k - 6. Let v(f) be the first derivative of f**3/3 - f**2/2 + 5*f - 4. What is the units digit of v(h)?
5
Suppose -108 + 14 = -q. What is the units digit of q?
4
Suppose 2*o + 2*k + 4 = 0, -2*o + o + 5*k = 2. What is the units digit of o + 16 - (-2)/(-2)?
3
Let p(r) be the first derivative of r**5/120 - r**4/24 + r**3/3 - 2. Let f(y) be the third derivative of p(y). What is the units digit of f(10)?
9
Let i(m) = -m - 3. Let s be i(-6). Suppose 2*y - 5*w - 35 = 0, -2*y = -s*y - 4*w - 2. What is the units digit of (-7)/35 + 32/y?
3
Suppose -5*o + 0*v = v - 130, -2*o + 79 = -5*v. Let f = -17 + o. What is the units digit of f?
0
Suppose -q - 372 = -5*q. Suppose 2*d - q = -3*d + j, -2*d + 30 = 2*j. What is the units digit of d?
8
Let f(w) = -3*w + 3. Let k be f(2). What is the units digit of 3/(-3) + (-18)/k?
5
Suppose t = 2, t + 273 = 4*k - 305. What is the units digit of k?
5
Suppose o - 6 = -4*k, -3*o + 51 = -k + 2*k. What is the units digit of o?
8
Suppose 4*u = -5*q - 9, u - 4 = 5*q - 25. What is the units digit of (u/4)/((-3)/18)?
9
Suppose 0 = b + 6*n - 3*n - 19, 2*b = 3*n + 20. What is the units digit of b?
3
What is the units digit of (22 + 1)/((-7)/(-7))?
3
Let p(b) = 6*b + 103. What is the units digit of p(24)?
7
Suppose 2*v - 19 = 5*k, -5*v - 4*k - 2 = -0. Let p = 9 - 6. Suppose -p*w = v*w - 60. What is the units digit of w?
2
Let h be 12*2/(-6)*-1. Suppose 5*f - 2 = h*f. Suppose -t - 4*j - 11 = 0, 0*j - f*j = -4*t + 46. What is the units digit of t?
9
What is the units digit of 396/14 - 14/49?
8
Let f = -10 + 7. Let r = 0 + f. Let h = r + 7. What is the units digit of h?
4
Let c = 70 - 41. What is the tens digit of c?
2
Let x = 13 - -20. Suppose x = -0*u + 3*u. What is the units digit of u?
1
Let l(i) = 11 - 3*i**3 - 4 + 9*i + 2*i**3 - 3*i - 4*i**2. Let f be l(-5). What is the units digit of f/(-11) + 134/11?
2
Let b(r) = 2*r**3 - 11*r**2 + 8*r - 29. What is the tens digit of b(7)?
7
What is the units digit of (-52)/(-13)*(21 - 1)?
0
Suppose -2*k = -87 - 61. What is the units digit of k?
4
What is the tens digit of (186/(-4))/(33/(-44))?
6
Let n = 16 - 11. Let d = 2 - 4. Let r = n + d. What is the units digit of r?
3
Let x(h) = 2*h**3 - 6*h**2 + 11*h - 2. What is the hundreds digit of x(5)?
1
Suppose -2*p + 3*p = -5*g + 63, p = 3. Let j(l) = -l**2 + 13*l - 2. What is the tens digit of j(g)?
1
Let r = -155 - -290. What is the units digit of r?
5
Let z = 39 - 28. Suppose -4*r + 18 = 2*o, -z = -6*r + 3*r + o. What is the units digit of (5/10)/(2/r)?
1
Suppose -7*o + 771 = -111. What is the units digit of o?
6
Let h = 11 + -7. Let r = 5 - h. What is the units digit of r?
1
Let x(i) = -i - 2. Let y be x(-3). What is the units digit of (3 - 6)/(y/(-11))?
3
Let v(b) = -4*b + 6. Suppose -8 = -2*d - 7*l + 3*l, 5*d - 28 = -2*l. Let r be v(d). Let f = 25 + r. What is the units digit of f?
7
Suppose -2*c - 3*l = -14, -c - 4 = -l - 3*l. Suppose -60 = -9*a + c*a. What is the units digit of (-21)/a*4/(-1)?
7
Let g be ((-2)/9)/((-3)/27). What is the units digit of g*2/(6/51)?
4
Let t be (-9)/(-3) + (-4 - -5). Suppose 24 = t*i - 20. Suppose i + 7 = 3*x. What is the units digit of x?
6
Suppose 160 = 4*m + 2*x, -m + 4*m = -5*x + 113. What is the tens digit of m?
4
Let x(q) = 3*q + 3. Let y be x(-2). What is the units digit of ((-1)/y)/(1/9)?
3
Let x be (4 + 9/(-6))*10. Suppose -18 = -x*j + 24*j. What is the tens digit of j?
1
Suppose -8 = -j - 3*j. Suppose -24 - 34 = -2*x - v, 42 = j*x - 3*v. What is the units digit of x?
7
What is the tens digit of (-44)/(-20)*8 + (-4)/(-10)?
1
Let g be 2/4*(-19 - -9). Let p(w) = w**3 + 6*w**2 + 2*w - 1. What is the units digit of p(g)?
4
Suppose 4*y - y = -4*l + 501, -10 = 2*y. What is the tens digit of l?
2
Let u(p) = -17*p. Let x be u(-1). Let h = x + -6. What is the tens digit of h?
1
Suppose -138 = -2*j + 2*z, 163 = 5*j - z - 170. What is the units digit of j?
6
Let x(k) be the third derivative of -k**5/60 - k**4/3 + 7*k**3/6 + 4*k**2. What is the tens digit of x(-7)?
1
Let m(k) = -k. Let b(g) = 3*g + 9. Let o(z) = b(z) + 4*m(z). Let u be o(4). Suppose 44 = u*d - 2*l + 3*l, 0 = 4*d - 4*l - 16. What is the units digit of d?
8
Let y be 20/3 - (-1)/3. Suppose 4*k - y = 13. Suppose -v + k*v = 4. What is the units digit of v?
1
Let c be -6*(2 + (-1 - 0)). Let d = c - -4. Let t = d - -4. What is the units digit of t?
2
Suppose 0 = -c - 2*c - 15. Let g = -1 - c. Suppose -g*r + 28 = -0*r. What is the units digit of r?
7
Suppose 4*q - 2*q = 0. Let j be (q + -1)/((-1)/2). Suppose 3*l = j*b + 12, 5*l - 2*b - 20 = -3*b. What is the units digit of l?
4
Suppose 0 = v - 3*v. Let c be (v + -13)/((-1)/(-1)). Let w = c - -25. What is the tens digit of w?
1
Let u be 2/(-4) + (-1)/(-2). Suppose 7*z - z - 180 = u. What is the tens digit of z?
3
Suppose 0 = -y + 5*k + 41 + 8, y + 2*k - 14 = 0. What is the units digit of y?
4
Suppose -135 = -0*d - 3*d. What is the tens digit of d?
4
What is the hundreds digit of (-6)/((-12)/(-4)) + -5 + 371?
3
Let y be (-1 + 1 - -2)/1. Suppose -2*o - k + 48 = 0, -y*k - 2 + 6 = 0. Let x = -12 + o. What is the tens digit of x?
1
Let t be (-18)/(-4) - (-4)/(-8). Suppose -t*p + p + 30 = 0. Let m = p - 4. What is the units digit of m?
6
Suppose 8*h - 68 = 4*h. Suppose -4*j - 4*r = -12, -r + 4 - h = -3*j. What is the units digit of j?
4
Let a = -6 - -8. Suppose -9 = 3*f, 2*i - a*f - 9 = f. Suppose i*w - 9 = -w. What is the units digit of w?
9
Let k be (36 - 0)/(-3) - 1. Let w(r) = r**3 + 12*r**2 - 15*r - 1. What is the tens digit of w(k)?
2
Suppose 4*m + 255 = 959. Suppose l + 4*h = 46, 4*l + l + 2*h = m. What is the units digit of l?
4
Let y(r) = 68*r**2 - 4*r + 11. What is the tens digit of y(2)?
7
What is the tens digit of ((-46)/(-1))/(1 - (-68)/(-76))?
3
Suppose -3*s - 2*s + 3*j + 294 = 0, 0 = -s - j + 54. What is the units digit of s?
7
Suppose 0 = 3*g - 7*g + 108. What is the units digit of g?
7
Let g be (2/(-4))/(4/(-24)). Let h = g - 3. Suppose h = -0*a + a - 14. What is the units digit of a?
4
Suppose 0 = 5*h - 4*q - 58, -5*h + h = 2*q - 62. Suppose v + v - h = 0. What is the units digit of v?
7
Suppose l - 4 = -0. Suppose -l = -3*t + 23. What is the units digit of t?
9
Suppose 1 = 5*b - 19. What is the units digit of b/(-12) + (-20)/(-6)?
3
Let o(r) be the first derivative of r**2 - r - 1. Suppose 5*h - 1 = 4*h. What is the units digit of o(h)?
1
Suppose -m = -3*m - 6. Suppose 0 = 5*n - 2*n + 6. Let q = n - m. What is the units digit of q?
1
What is the units digit of 4/(-16) + (-2979)/(-12)?
8
Suppose -1464 = -4*z - 4*m + 144, -4*z + 1643 = -3*m. What is the tens digit of z?
0
Let d = 23 + -8. Suppose -5*t + 25 = 5*v, 4*t + 2*v - 20 = -0*t. Suppose d = 4*r - t. What is the units digit of r?
5
Let h = -4 - -6. Suppose -h*i = -i. Suppose i*d + 3*d - 21 = 0. What is the units digit of d?
7
Let n(h) = 7*h - 10. Let f(m) = -10*m + 15. Let k(t) = 4*t - 1. Let u be k(2). Let r(o) = u*n(o) + 5*f(o). What is the units digit of r(0)?
5
Let m(w) = -w**2 + 0*w**2 - 116 - w + 0*w**2. Let g be m(0). What is the units digit of g/(-24) - 2/(-12)?
5
Let k(j) = j**3 - 11*j**2 - 10*j + 16. Let z be k(12). Suppose 5*i - 100 = 3*h, 2*i + 5*h - z = 4*h. What is the units digit of i?
0
Suppose -4*n + 0*s + 170 = 2*s, -s = 4*n - 173. What is the units digit of n?
4
Suppose -3*h = -4*v - 104, -200 + 52 = -4*h + 3*v. What is the tens digit of h?
4
Let r(i) = i**2 - 7*i + 10. Wh